2 + -7 + 3). Calculate the highest common divisor of i and p.
16
Let o = 5 - 2. Suppose o*m = -m + 24. Suppose 4*z + 2*s - 57 = 3*s, z + 5*s = 30. Calculate the greatest common factor of z and m.
3
Let l = -96 + 105. Let s(x) = -x**3 - 5*x**2 + 6*x + 9. Let f be s(-6). What is the greatest common factor of f and l?
9
Let c be (-6)/9*3*1. Let f be (-3)/3*(-44 + c). Let l = -46 - -69. Calculate the greatest common divisor of f and l.
23
Let y(t) be the third derivative of 11*t**6/30 + t**5/60 - t**2. Let x be y(1). Suppose 145 - 55 = 5*z. Calculate the greatest common factor of z and x.
9
Suppose a + 2*f - 8 = 0, -3*a + 3*f = -8*a + 19. Suppose -t = 4*k - 38, -a*t + 2*k = 6*k - 92. What is the greatest common factor of t and 27?
27
Let m = -2 - -2. Let z(q) = -4*q - 1. Let w be z(-1). Let p be m + 24 - (-6)/w. What is the highest common divisor of p and 39?
13
Let q(a) = a**3 - 9*a**2 - 2*a + 4. Let o be q(9). Let x = -39 - o. Let w be (1 - x) + -2 + 0. What is the greatest common factor of w and 3?
3
Suppose s = -3*o + 226, o = -0*o - 3*s + 62. Let k = 11 + -4. Calculate the greatest common factor of o and k.
7
Let s be ((-12)/8)/(6/8). Let b be 0/(-2) + 4 + s. Suppose 6 = b*p - 6. What is the greatest common factor of 2 and p?
2
Let z be 35 - ((8/4 - 1) + 0). Calculate the highest common factor of 51 and z.
17
Suppose 3*m - 3*v = 60, v - 152 + 52 = -5*m. What is the highest common factor of m and 20?
20
Let w = -253 - -820. Calculate the highest common factor of 63 and w.
63
Let b = 168 + -40. Calculate the highest common factor of b and 8.
8
Let x be (-8)/4 + 8 + -2. Suppose 0 = f + x*f - 5. What is the greatest common divisor of f and 11?
1
Let u(p) be the first derivative of p**3/3 + p**2 - 5*p + 3. Let f be u(-5). Let i = -79 - -149. Calculate the greatest common divisor of f and i.
10
Suppose 0 = q - 0*q - 10. Suppose 5*g = 21 + 9. Let l = g - -4. What is the greatest common factor of q and l?
10
Suppose -3*x - 11 + 2 = 0, 3*u - 30 = -x. Calculate the greatest common divisor of u and 55.
11
Let b(t) = 6*t**2 - t + 14. Let g be b(6). Calculate the highest common factor of g and 32.
32
Suppose 2*a = 252 + 14. What is the greatest common divisor of 19 and a?
19
Suppose -5*c - w + 4 = 0, c = 4*w - 0*w + 5. Let d be -1 - (-92*1 + c). Calculate the greatest common factor of d and 60.
30
Let u(k) = k**3 + 2*k**2 - k + 1. Suppose 0 = -d - 2*d - 6. Let z be u(d). What is the highest common divisor of 6 and z?
3
Let c = -10 + 16. Suppose 4 = 5*u - c. Suppose 2*v = -u*v + 340. What is the greatest common factor of v and 34?
17
Let l be 6/(((-18)/4)/(-3)). Suppose 4 = l*f - 2*f, -f - 46 = -4*w. Calculate the highest common factor of 60 and w.
12
Let z(u) be the second derivative of -2*u**5/5 - u**4/12 - u**3/6 - u. Let i be z(-1). Let d be -1 + 1/(2/18). What is the greatest common divisor of i and d?
8
Suppose 52 = b + 2*f, b = 2*f - 5*f + 51. Let k be ((-1)/2)/((-3)/b). Calculate the greatest common factor of 81 and k.
9
Suppose -4*b + 2*m = 10, -3*b - b - 31 = 5*m. Let x be 1 + 2 - (2 + b). Suppose -4*i = i - 125. Calculate the greatest common divisor of i and x.
5
Let y(r) = -r**3 + 4*r**2 + 5*r + 1. Let l be y(4). Calculate the greatest common factor of 42 and l.
21
Let z(q) be the second derivative of -q**5/20 - q**4/12 + q**3/6 + 6*q**2 - q. Let i be z(0). Calculate the highest common factor of 84 and i.
12
Suppose 3*r + 5*z - 17 = z, -4*z = 5*r - 31. Calculate the highest common factor of r and 49.
7
Let i be 3/6 + 2/(-4). Suppose i = 6*r - 3*r + 6. Let f be 2*((-53)/r - -2). Calculate the highest common divisor of 38 and f.
19
Suppose 5*c - 41 - 19 = 0. Suppose -d - 1 = -c. What is the greatest common factor of d and 77?
11
Suppose -29 = -4*h + 131. Let p = -16 - -76. Calculate the highest common factor of h and p.
20
Let f be (-7)/((5 - 3) + -3). What is the highest common factor of 77 and f?
7
Suppose 4*z + 0 = -2*o + 8, -4*z - 3*o + 10 = 0. What is the greatest common divisor of z and 2?
1
Let t(s) = 2*s**2 + 5*s - 1. Let u be t(-4). Let f(g) = g**3 - 2*g**2 - g + 5. Let b be f(4). What is the greatest common divisor of b and u?
11
Let u be 506/7 + (-2)/7. Suppose 37 - 127 = -5*k. What is the greatest common divisor of u and k?
18
Let y = -7 + 11. Suppose -4*w = y*c + 7 - 19, -4*c = -3*w + 16. Suppose -232 = -w*n - 56. What is the highest common factor of 11 and n?
11
Let y be (-3)/(-2)*76/6. Suppose -4*i = -y - 41. Suppose -u + 18 = r + 5, r + 47 = 5*u. Calculate the highest common factor of i and u.
5
Let p be (-1 - 0)*5/(-1). Suppose 1 - 16 = -p*l. Suppose 83 = l*c + 4*m, -4*m = -5*c - 5 + 122. Calculate the greatest common divisor of c and 75.
25
Let n be (20/(-3))/((-4)/6). What is the greatest common divisor of n and 15?
5
Let b(y) = -3*y - 5. Let l be b(-4). Calculate the highest common divisor of 2 and l.
1
Let c = 2 - -18. Let n = 35 - 5. What is the highest common divisor of c and n?
10
Let t = -9 + 17. Calculate the greatest common factor of 8 and t.
8
Let u(a) = 10*a**2 + a. Let m be u(-1). Let t = -243 - -355. Let n = t - 49. Calculate the highest common divisor of m and n.
9
Suppose 2*w = w + 5. Let x(s) = 3*s + 2. Let j be x(w). Let m be (102/8)/(1/12). What is the highest common factor of j and m?
17
Suppose 5*w - 1 = 14, -2*c + 4*w - 16 = 0. Let n be (40/4)/(c/(-7)). Calculate the highest common factor of 5 and n.
5
Suppose -2*v - w - 3*w = -42, 0 = 2*v + w - 33. What is the greatest common factor of v and 135?
15
Let s(l) be the first derivative of -l**3/3 - 2*l**2 + 2*l - 7. Let p be s(-4). Calculate the highest common divisor of 3 and p.
1
Let g(h) = h**3 + 9*h**2 - 7*h. Let u be g(-9). Suppose 17 = 4*w - u. What is the highest common divisor of w and 4?
4
Let t(h) = 13*h**3 - h**2 + h - 1. Let i be t(1). Calculate the highest common divisor of i and 84.
12
Suppose 66 = -5*t - 3*q + 206, 5*t + q - 140 = 0. What is the greatest common factor of t and 14?
14
Suppose -3*v - 13 - 14 = 5*o, 3*o = -3*v - 21. Let f = v - -6. Suppose 18 = 4*u - f*u. What is the greatest common divisor of 3 and u?
3
Let p be (-63)/(-5) - 4/(-10). Let h(z) = 13*z**3 + 2*z - 2. Let r be h(1). What is the greatest common factor of p and r?
13
Suppose -11*j = -6*j - 600. Calculate the highest common divisor of j and 15.
15
Suppose -5*o + 0*o = 0. Suppose o = -0*n + 3*n. Let c be 0 - (n - -14)*-2. Calculate the greatest common factor of c and 4.
4
Suppose 5*l = 2*w - 18, -5*w + 2*w = l - 10. Let s = 12 + w. What is the greatest common factor of s and 176?
16
Suppose -2 = 3*k + 4. Let c = 3 + k. What is the greatest common divisor of 1 and c?
1
Let f(t) = -t + 10. Let u be f(7). Suppose -n + 0*n + 484 = 0. Suppose u*z = 7*z - n. What is the highest common divisor of 11 and z?
11
Let c(y) = 2*y + 1. Let h be c(7). Calculate the greatest common factor of 120 and h.
15
Suppose -4*g = -4*w - 524, 5*g + 3*w - 881 = -250. Let p = 37 + -21. Calculate the greatest common divisor of p and g.
16
Let c be 0 + -2 - (-50 - -12). Calculate the highest common divisor of 18 and c.
18
Let d be (-460)/(-2) - (0 + -1). Suppose 2*c + d = 5*c. What is the greatest common factor of 11 and c?
11
Let o be 8 - (1 - 0 - -2). Suppose -l + 2 = -0, 4*s = 2*l + 36. What is the highest common divisor of o and s?
5
Let o(j) be the first derivative of -j**2 - 4*j + 1. Let c be o(-5). Suppose -44 = -u - 5*h, u - c*h - 44 = -h. What is the highest common divisor of 4 and u?
4
Let s = 0 - -154. Calculate the highest common divisor of 22 and s.
22
Let j = -12 + 19. Suppose 4*t = 3*l - 85, 115 = 3*l - 0*t + 2*t. What is the highest common factor of l and j?
7
Let v(h) = -h**3 + 6*h**2 - h + 4. Let a be v(5). Let x be 42/15*(-8 - -3). Let r = x + 30. Calculate the greatest common factor of r and a.
8
Suppose 18*b = 12*b + 306. What is the greatest common divisor of b and 34?
17
Suppose o - 33 = -0*o. Calculate the greatest common factor of 165 and o.
33
Suppose 3*l - 133 = 2*l. Calculate the greatest common factor of l and 19.
19
Let d(h) = h**2 + 45. Let t be d(0). Let a(w) = -w**2 + 7*w - 5. Let g be a(5). Calculate the greatest common divisor of t and g.
5
Suppose 0 = 10*l - 6*l - 4*f - 12, 23 = 3*l + 4*f. Let x(h) = -2*h + 3 + 3*h + 5. Let n be x(-6). Calculate the greatest commo